
Convert -2b7b (base 12) to base 9.
-7035
4599 (base 14) to base 11
90a2
What is -17264 (base 8) in base 6?
-100220
Convert 1967 (base 12) to base 13.
1549
What is 8741 (base 10) in base 9?
12882
Convert -2430433 (base 5) to base 12.
-2257b
Convert 30110 (base 4) to base 6.
3352
-129 (base 12) to base 5
-1202
-27691 (base 10) to base 13
-c7b1
What is 19dc (base 14) in base 5?
122302
10111110111000 (base 2) to base 16
2fb8
What is 1022100 (base 4) in base 9?
6460
103133 (base 4) to base 12
87b
What is 5425 (base 6) in base 13?
746
56 (base 16) to base 7
152
9116 (base 12) to base 2
11110101100010
Convert -12200202 (base 3) to base 6.
-31115
-101220 (base 3) to base 15
-149
What is 22432 (base 5) in base 9?
2186
-22242 (base 8) to base 5
-300003
Convert 129 (base 12) to base 5.
1202
Convert 153 (base 8) to base 3.
10222
Convert cdc (base 16) to base 11.
2523
-751 (base 13) to base 11
-a36
What is 7441 (base 9) in base 10?
5464
What is -221220 (base 3) in base 8?
-1273
1440 (base 6) to base 7
1056
1000000010 (base 2) to base 13
307
-274 (base 14) to base 11
-40a
Convert 52266 (base 7) to base 2.
11001000100101
-104b0 (base 12) to base 10
-21444
145e (base 15) to base 12
2638
What is 112220 (base 4) in base 10?
1448
What is 3311 (base 15) in base 8?
25100
Convert -12611 (base 9) to base 4.
-2011003
6553 (base 8) to base 13
1743
What is -4471 (base 11) in base 13?
-28aa
-11993 (base 11) to base 3
-212112200
What is -7018 (base 12) in base 4?
-2331110
Convert 11142 (base 5) to base 4.
30131
What is 92b (base 16) in base 12?
1437
What is 31375 (base 8) in base 7?
53025
-3555 (base 6) to base 2
-1101011111
What is -723 (base 12) in base 15?
-490
What is -13326 (base 7) in base 14?
-144d
883 (base 11) to base 7
3042
Convert -11 (base 15) to base 12.
-14
What is 4040 (base 6) in base 3?
1012220
4210423 (base 5) to base 14
1b476
Convert -1677 (base 10) to base 5.
-23202
What is -111011100 (base 2) in base 10?
-476
Convert 69a1 (base 14) to base 11.
1288a
Convert 33602 (base 7) to base 13.
3b60
What is -141c (base 16) in base 15?
-17d3
What is -5793 (base 11) in base 3?
-101102122
What is 2311202 (base 4) in base 6?
125442
-667b (base 15) to base 13
-9b66
What is -18481 (base 12) in base 11?
-24520
cd97 (base 14) to base 8
105431
4536 (base 11) to base 14
2264
143 (base 10) to base 13
b0
Convert -759 (base 11) to base 8.
-1617
1100111100101 (base 2) to base 16
19e5
What is 4033 (base 6) in base 15?
3e0
What is b01 (base 15) in base 16?
9ac
What is -316 (base 7) in base 11?
-136
What is -319 (base 11) in base 2?
-101111111
Convert 3a18 (base 14) to base 6.
115142
-3032233 (base 4) to base 6
-141131
Convert 1727 (base 12) to base 3.
10210111
-3372 (base 8) to base 15
-7e1
What is -11101100001 (base 2) in base 7?
-5336
What is 133b (base 15) in base 12?
2462
87 (base 16) to base 13
a5
Convert -ec (base 15) to base 5.
-1342
3718 (base 11) to base 2
1001011111011
2122 (base 6) to base 11
3a9
-11243 (base 8) to base 6
-34031
Convert -102100111 (base 3) to base 2.
-10000001010011
What is -2310 (base 13) in base 8?
-11462
What is 1221121 (base 3) in base 15?
64a
What is -3666 (base 10) in base 5?
-104131
Convert 561a (base 11) to base 2.
1110011101010
What is -4321 (base 8) in base 13?
-1048
What is 117 (base 16) in base 14?
15d
Convert 10334 (base 8) to base 16.
10dc
What is -1610 (base 8) in base 6?
-4104
What is -197dd (base 14) in base 3?
-10021201112
What is -2b157 (base 13) in base 3?
-11010211122
Convert 10010011011 (base 2) to base 6.
5243
Convert 3ac7 (base 13) to base 4.
2003330
-3703 (base 9) to base 14
-100d
Convert 1606 (base 12) to base 11.
1a52
Convert 122001012 (base 3) to base 10.
12425
Convert -265 (base 7) to base 3.
-12101
What is -552 (base 11) in base 2?
-1010010110
What is 5246 (base 7) in base 12?
109b
What is -12002 (base 3) in base 5?
-1022
-1110101100 (base 2) to base 4
-32230
Convert 5515 (base 14) to base 6.
152051
What is 32232 (base 4) in base 2?
1110101110
-655 (base 14) to base 8
-2343
What is 2455 (base 14) in base 3?
22201002
Convert 109 (base 11) to base 8.
202
Convert -132440 (base 5) to base 13.
-25a1
6059 (base 15) to base 4
10331232
Convert -9a (base 15) to base 13.
-b2
-13334 (base 7) to base 10
-3602
1d72 (base 15) to base 8
14407
What is 42100 (base 5) in base 2?
101011010111
Convert 1110010 (base 2) to base 8.
162
-32656 (base 8) to base 14
-5018
What is -301101 (base 4) in base 2?
-110001010001
1121221101 (base 3) to base 16
7d20
Convert -794 (base 10) to base 15.
-37e
24023 (base 5) to base 10
1763
What is 625 (base 10) in base 8?
1161
What is -2263 (base 9) in base 7?
-4614
-1001110 (base 4) to base 11
-3160
1758 (base 12) to base 11
211a
Convert -2093 (base 10) to base 13.
-c50
Convert 1222303 (base 4) to base 16.
1ab3
What is -110010 (base 3) in base 4?
-11013
Convert 100010111 (base 2) to base 5.
2104
11423 (base 13) to base 10
31463
297 (base 11) to base 4
11130
What is 2437 (base 12) in base 4?
333223
Convert 928 (base 15) to base 2.
100000001111
Convert 2a56 (base 15) to base 9.
13410
What is b8d6 (base 15) in base 6?
501050
-8476 (base 10) to base 4
-2010130
a8 (base 15) to base 12
112
-1001011001 (base 2) to base 15
-2a1
-3233 (base 4) to base 15
-10e
Convert 13014 (base 5) to base 7.
2641
Convert -20113 (base 4) to base 2.
-1000010111
Convert 4106 (base 8) to base 5.
31433
What is -1606 (base 7) in base 15?
-2cd
Convert -587 (base 14) to base 10.
-1099
What is -1aa3 (base 16) in base 6?
-51323
48a (base 11) to base 6
2410
25230 (base 7) to base 12
3a10
Convert -224121 (base 6) to base 15.
-59a7
-522 (base 7) to base 9
-320
What is 111110101 (base 2) in base 14?
27b
Convert 2235 (base 6) to base 16.
20f
100100001101 (base 2) to base 15
a47
What is 13362 (base 11) in base 12?
b049
-3840 (base 11) to base 8
-11615
What is -551 (base 8) in base 12?
-261
What is -110001010000 (base 2) in base 9?
-4282
Convert -13032 (base 4) to base 8.
-716
-81 (base 12) to base 9
-117
10001001010 (base 2) to base 12
776
What is 986 (base 10) in base 12?
6a2
Convert 1408 (base 9) to base 14.
55b
What is 3246 (base 13) in base 5?
210422
4b2 (base 14) to base 16
3ac
Convert -201200211 (base 3) to base 11.
-a874
Convert a0 (base 12) to base 6.
320
What is -185 (base 15) in base 3?
-110222
What is 31d6 (base 16) in base 8?
30726
What is -3410 (base 5) in base 6?
-2120
Convert 143345 (base 6) to base 9.
20762
What is -1046 (base 8) in base 4?
-20212
What is -a1 (base 11) in base 14?
-7d
What is -1011010101 (base 2) in base 11?
-5aa
What is 1724 (base 8) in base 12?
698
What is 661 (base 9) in base 14?
2a9
What is 4757 (base 9) in base 15?
10aa
Convert -b14 (base 14) to base 16.
-87e
-1656 (base 7) to base 2
-1010100110
-1111011001000 (base 2) to base 9
-11725
What is 19991 (base 11) in base 10?
27809
What is 635 (base 14) in base 7?
3365
Convert -1653 (base 7) to base 6.
-3043
What is 11100101010 (base 2) in base 14?
950
2010 (base 4) to base 13
a2
-2125 (base 8) to base 16
-455
-105030 (base 7) to base 2
-100100001101111
531 (base 6) to base 3
21101
-2554 (base 6) to base 10
-646
211122 (base 3) to base 2
1001100011
What is -2202 (base 5) in base 15?
-152
What is -16632 (base 11) in base 4?
-11231130
-2341 (base 5) to base 3
-110211
-5526 (base 7) to base 8
-3674
-121036 (base 8) to base 10
-41502
Convert 400 (base 11) to base 12.
344
Convert 3c9 (base 16) to base 13.
597
-1144 (base 5) to base 10
-174
Convert 2185 (base 12) to base 6.
25045
34c (base 13) to base 6
2351
What is -39b (base 12) in base 3?
-202102
40d5 (base 15) to base 9
20712
-5655 (base 7) to base 5
-31144
-1770 (base 8) to base 5
-13031
-1021031 (base 4) to base 2
-1001001001101
Convert -26152 (base 7) to base 2.
-1101100100010
Convert -663 (base 7) to base 16.
-153
Convert -286b (base 12) to base 9.
-6382
What is -101550 (base 6) in base 7?
-32625
Convert -5350 (base 8) to base 16.
-ae8
What is 893 (base 12) in base 7?
3453
2403 (base 6) to base 14
2d5
What is -728 (base 9) in base 12?
-415
Convert 321212 (base 5) to base 10.
10807
What is 3a21 (base 12) in base 14?
25cd
What is 11263 (base 13) in base 6?
400201
Convert 13c8 (base 16) to base 14.
1bba
What is 1110221 (base 3) in base 11?
8a0
What is -10301012 (base 4) in base 3?
-222210012
Convert 132 (base 9)